7 = -16*m, 2*y = 3*m + 195. Calculate the highest common factor of y and q.
9
Let d(t) = -t**2 - 29*t - 50. Let y be d(-27). What is the highest common divisor of y and 36?
4
Let q be (-222*(-1)/10)/((-1)/(-25)). Calculate the highest common factor of 15 and q.
15
Suppose 19 = -4*h - 37. Let l be 111/(-15) + h/(-35). Let z = l + 12. What is the highest common factor of 2 and z?
1
Let u = 2752 + -2726. Calculate the highest common divisor of u and 8.
2
Let c be (3/(-6))/(2/(-144)). Let w be (780/15 + -16)*2/4. What is the highest common factor of w and c?
18
Suppose 5*w + 2*h - 364 = -2*h, 2*w = 4*h + 168. What is the greatest common factor of w and 4?
4
Let r = -103 + 178. Let q(l) = 2*l**2 + 5*l. Let m be q(-5). Calculate the greatest common factor of m and r.
25
Suppose -840 = -32*h + 29*h. Calculate the highest common factor of h and 210.
70
Let d(w) = -w**3 - 5*w**2 + 5*w + 5. Let m be d(-6). Let g(v) = -1164*v + 1162*v - 5 + 61. Let t be g(6). What is the greatest common divisor of m and t?
11
Let r be -2 + 7 + 75 + (-24)/(-6). What is the greatest common factor of r and 63?
21
Let c(k) = k**3 + 9*k**2 - 11*k + 11. Let x = 20 - 30. Let n be c(x). What is the greatest common factor of n and 168?
21
Let g be ((-4)/6)/((-3)/270). Let w = -3900 - -3903. What is the highest common factor of g and w?
3
Suppose 4*p = 2*u + 226, 4*p + 9 = 3*u + 236. Let n = -28 + p. Calculate the highest common divisor of 7 and n.
7
Suppose 4*t = 16*t - 72. Suppose -5*d + 19 = -6, -64 = -3*s - 2*d. Calculate the greatest common divisor of t and s.
6
Suppose -2*d = -6*d + 320. Suppose 2*s = 17 - 13. Suppose s*a - 1 - 39 = 0. What is the highest common factor of a and d?
20
Suppose -3*k = 5*k - 1632. Suppose -5*p - 80 = -2*l - 3*p, 5*l - 4*p - k = 0. Calculate the highest common divisor of l and 4.
4
Suppose -4*r = -9*r + 30. Suppose 0 = 3*p + 12, 2*g + p + 4*p = -r. Let h be 82/g - 8/(-28). Calculate the highest common factor of h and 4.
4
Suppose 3*t - 2*j = -2*t - 307, 5*j + 209 = -3*t. Let g = -33 - t. What is the highest common divisor of 6 and g?
6
Suppose 5*c - 11*c - 24 = 0. Let q be c*((-6)/27 + (-10)/36). What is the greatest common divisor of 2 and q?
2
Let v be 2/((-2)/(-69)) + 0. Let p = 329 - 283. Calculate the greatest common factor of p and v.
23
Suppose -44 = -4*l - 7*l. Calculate the highest common divisor of 68 and l.
4
Let v(f) = f + 22. Let m be v(5). Let z = 212 - 23. What is the greatest common factor of m and z?
27
Let q(d) = d**3 + 16*d**2 + 13*d - 14. Let i be q(-15). Calculate the greatest common divisor of i and 12.
4
Let j be (-9)/(-2)*880/99. Calculate the highest common factor of 344 and j.
8
Let x = -12 + 102. What is the highest common divisor of x and 18?
18
Suppose -2 = -5*w + 23. Suppose -o + 3*t = -t - 12, w*t = -4*o + 48. Calculate the greatest common divisor of 12 and o.
12
Let u(t) = 14*t**2 - 71*t + 19. Let n be u(5). What is the greatest common factor of 623 and n?
7
Let o(c) = 19*c + 1. Let j be (-34)/(-10) + 2/(-5). Let v be o(j). What is the greatest common factor of 29 and v?
29
Let n(l) = l**3 - 10*l**2 + 17*l - 5. Let h be n(8). What is the highest common divisor of h and 12?
3
Suppose 104 = 5*g - 6. Let a = g - -3. Suppose -5*c + 31 = -19. Calculate the highest common divisor of c and a.
5
Let n = 6 - 5. Let t(u) = 22*u**2. Let r be t(n). Calculate the greatest common factor of r and 176.
22
Suppose 402*n + 3780 = 417*n. Calculate the greatest common factor of 24 and n.
12
Let c = 65 + -55. Calculate the greatest common divisor of c and 285.
5
Let s be (3 + -2)/((-3)/(-18)). Let x be (-4 - 0)*6820/(-40). Suppose -s*y + 176 = -x. Calculate the greatest common factor of 13 and y.
13
Suppose 0 = 4*t + 4*h - 56, t + 2*h - 24 + 7 = 0. Let g(b) = -b**3 - 2*b**2 + 3*b - 5. Let l be g(-5). What is the greatest common divisor of l and t?
11
Suppose -39*x = -34*x - 675. What is the greatest common factor of 5 and x?
5
Suppose 0 = -5*z - 4*d - 47, 3*z - d - 3*d + 9 = 0. Let o = 1 + z. Let b = 15 + o. Calculate the highest common divisor of b and 99.
9
Let v = -42 - -48. What is the greatest common factor of 174 and v?
6
Let u(t) = -21*t + 111. Let a be u(5). Calculate the highest common divisor of 14 and a.
2
Suppose 0 = -46*w - 2483 + 12971. What is the greatest common divisor of 12 and w?
12
Let n(d) = -6*d - 32. Let t be n(-6). Suppose -4*y + 4*g - 88 + 248 = 0, y + t*g = 15. What is the highest common divisor of 5 and y?
5
Let b = -3 + 6. Let v(i) = 9*i + 4. Let l be v(3). Suppose -b*y + s - l = -7*y, 15 = -3*s. Calculate the greatest common factor of 63 and y.
9
Let j be (108/(-16))/((-4)/16). What is the highest common factor of 3 and j?
3
Let i(r) = 3*r + 13. Let u be i(-6). Let k(t) = t**2 + 3*t + 7. Let x be k(u). Let d = -90 + 141. What is the greatest common factor of d and x?
17
Suppose 3*p - 422 = -29. Let g = p - 41. What is the greatest common factor of 60 and g?
30
Suppose -302 = -5*t - 252. Let p be (-2)/(2/50*-1). Calculate the highest common divisor of p and t.
10
Suppose -2*u - 3*i + 74 - 9 = 0, 5*u + 2*i - 190 = 0. Suppose -u = -j - 4*j. Let n be ((-51)/(-12) - 3)*j. Calculate the greatest common divisor of 30 and n.
10
Let h = 130 + -50. Suppose -d - 2 = -22. Calculate the greatest common divisor of d and h.
20
Suppose -2*o - 4*l = -192, 0*l = l. What is the highest common divisor of o and 64?
32
Suppose 4*j + 19 - 7 = 5*r, -3*r = 2*j - 16. Suppose 3*u = -d + 74, 22 + 65 = r*u - d. What is the highest common divisor of 161 and u?
23
Let r = 2291 - 2268. What is the greatest common factor of r and 1679?
23
Let n(d) be the third derivative of -5*d**4/12 + 5*d**3/3 + 5*d**2. Let h be n(-8). Let a = h - -42. What is the greatest common divisor of a and 12?
12
Let y be 6/(-27) + (-1634)/18. Let w = y + 127. What is the highest common factor of 8 and w?
4
Let q be (8 - -81) + (-18)/((-36)/(-6)). What is the highest common factor of q and 1333?
43
Let c = -1539 + 1671. What is the highest common factor of c and 44?
44
Let h be ((-16)/(-2))/(3/30). Let a be 5/(25/4)*25. What is the highest common factor of h and a?
20
Suppose 0 = 2*x - 4*k + 2, -11*k = -9*k - 10. What is the highest common factor of x and 423?
9
Let f be (-3 - 1*(-1 - -3)) + 1. Let g be (f - (-12)/4)*-7. What is the greatest common factor of g and 91?
7
Suppose t + 4 = 3*y - 6, -2*y = 3*t + 8. Suppose 4*v + 30 = 2*l, -5*v - 27 = -0*l - y*l. What is the greatest common divisor of l and 231?
21
Suppose -2*s + 3*g = -67, s + 4*s - 159 = -g. Suppose 4*o + 354 = 866. What is the highest common divisor of o and s?
32
Let b be 66/9 + 2/(-6). Let v = -1 - -3. Suppose 0 = -o - v*o + 21. Calculate the highest common divisor of b and o.
7
Let h be 13 - 0 - 4824/(-134). Suppose -5*j + 160 + 330 = 0. What is the highest common divisor of j and h?
49
Let g be -3 + (-2)/(-3) + 1155/9. What is the highest common divisor of g and 90?
18
Let u be (-30)/(-4)*(26/6 + -3). Suppose -250 = -u*f + 20. Calculate the greatest common divisor of 243 and f.
27
Suppose -3*i - 590 = 346. Let k be (i/(-54) - 2/(-9))/1. Calculate the greatest common factor of 12 and k.
6
Let q(j) = -j**3 + 4*j**2 + 6*j + 1. Let x be q(5). Suppose 0 = -3*d - 9, -176*d + 180*d = 3*i - 210. What is the greatest common divisor of x and i?
6
Let t = -71 + 404. Calculate the highest common divisor of 74 and t.
37
Let a be -2 - 0 - (-5)/(25/90). Suppose -51 = -5*t + 4*w + 177, 5*t - w = 237. Calculate the highest common divisor of t and a.
16
Let n = 2662 + -2392. Calculate the highest common divisor of n and 81.
27
Suppose 18 = 2*w - w. Suppose -41*p = -2061 + 339. What is the greatest common factor of p and w?
6
Let j = -96 + 166. Suppose 7*z - 420 = -8*z. Calculate the greatest common factor of z and j.
14
Suppose 2*l + 2*r + 266 = 0, 0 = 3*l - 4*r + 156 + 243. Let u = 63 - l. What is the greatest common factor of u and 14?
14
Let p be -8 + 9 - (-23 + -4). Calculate the highest common divisor of p and 434.
14
Suppose -18470 + 5023 = -7*g. Calculate the greatest common factor of 113 and g.
113
Suppose 12*b + 186 = 2*c + 16*b, -4*b - 162 = -2*c. Calculate the highest common divisor of c and 232.
29
Let x = -790 + 796. What is the highest common divisor of 51 and x?
3
Let k(u) be the first derivati